95581?
667
Calculate the greatest common divisor of 47190 and 30810.
390
What is the greatest common factor of 627 and 102?
3
What is the highest common factor of 70 and 99778?
14
Calculate the greatest common divisor of 149 and 920969.
149
What is the greatest common factor of 2541 and 3215091?
363
Calculate the highest common divisor of 3230162 and 1132.
566
What is the highest common divisor of 35165 and 26650?
65
What is the highest common factor of 167944 and 504?
56
What is the highest common factor of 877097 and 159?
53
What is the greatest common factor of 22196 and 23986?
358
What is the greatest common factor of 462 and 1124?
2
Calculate the highest common divisor of 38 and 12629832.
38
Calculate the greatest common divisor of 7762 and 8.
2
What is the greatest common factor of 3666 and 115338?
282
Calculate the greatest common divisor of 2995 and 63494.
599
Calculate the highest common divisor of 18584 and 6440.
184
Calculate the greatest common divisor of 178 and 599237.
89
Calculate the highest common divisor of 8809 and 115.
23
What is the greatest common divisor of 5117 and 2709?
301
What is the greatest common factor of 1361234 and 56?
14
What is the greatest common divisor of 72280 and 156?
52
What is the highest common factor of 2574 and 1513746?
234
Calculate the greatest common factor of 16705 and 325.
65
What is the highest common factor of 40572 and 261?
9
Calculate the highest common factor of 500 and 17960.
20
Calculate the highest common factor of 407045 and 35.
5
Calculate the highest common factor of 100 and 212.
4
Calculate the greatest common divisor of 120 and 205152.
24
Calculate the highest common divisor of 2556 and 34110.
18
What is the greatest common factor of 83099 and 506?
23
Calculate the greatest common factor of 141 and 1349511.
141
What is the greatest common factor of 55 and 482361?
11
What is the greatest common divisor of 150 and 265150?
50
Calculate the greatest common divisor of 372 and 316.
4
Calculate the greatest common factor of 36 and 288432.
36
Calculate the greatest common factor of 87 and 4443.
3
What is the highest common divisor of 1403 and 4692?
23
What is the greatest common factor of 194 and 519920?
194
What is the greatest common divisor of 3708 and 3816?
36
Calculate the highest common divisor of 1952 and 21856.
32
Calculate the highest common divisor of 46694 and 37.
37
What is the greatest common divisor of 11325 and 35850?
75
Calculate the greatest common divisor of 272104 and 1356.
452
Calculate the highest common divisor of 85 and 24004.
17
What is the highest common factor of 78 and 812877?
39
Calculate the highest common divisor of 1366182 and 2556.
1278
What is the greatest common divisor of 9020 and 3116?
164
Calculate the greatest common factor of 12 and 9389244.
12
Calculate the highest common divisor of 62342 and 610.
122
What is the greatest common divisor of 100 and 8660?
20
What is the highest common factor of 3192 and 306264?
168
What is the greatest common factor of 5248 and 52?
4
Calculate the greatest common divisor of 13435 and 1285.
5
Calculate the highest common divisor of 93 and 78709.
31
Calculate the highest common factor of 92 and 1411004.
92
What is the highest common factor of 110696 and 822?
274
What is the highest common factor of 4 and 442454?
2
Calculate the greatest common factor of 3 and 18630.
3
Calculate the greatest common divisor of 7543 and 19.
19
What is the highest common factor of 38191 and 17557?
181
Calculate the highest common factor of 8 and 55976.
8
Calculate the greatest common divisor of 16688 and 3136.
112
What is the greatest common factor of 8979 and 17739?
219
Calculate the greatest common divisor of 114688 and 56.
56
What is the greatest common factor of 205 and 88355?
205
Calculate the greatest common divisor of 616 and 4326.
14
Calculate the greatest common divisor of 340357 and 119.
17
What is the greatest common divisor of 23597 and 287?
7
What is the greatest common factor of 19286 and 4?
2
Calculate the highest common divisor of 1280 and 63680.
320
Calculate the greatest common divisor of 962 and 26270.
74
What is the highest common factor of 90 and 45665?
5
Calculate the greatest common divisor of 25 and 9755.
5
Calculate the highest common factor of 561 and 342397.
187
Calculate the greatest common factor of 2425722 and 2466.
822
What is the highest common factor of 551 and 1260137?
551
What is the highest common divisor of 7 and 14123963?
7
Calculate the greatest common divisor of 25 and 5442175.
25
Calculate the greatest common factor of 14 and 584381.
7
What is the greatest common factor of 19552 and 160?
32
Calculate the greatest common factor of 1680 and 2282448.
336
Calculate the highest common divisor of 7472 and 20081.
467
What is the highest common factor of 5680 and 112?
16
Calculate the greatest common divisor of 5994 and 3726.
162
Calculate the greatest common divisor of 656 and 9872.
16
Calculate the greatest common divisor of 3861 and 2431.
143
What is the greatest common divisor of 136 and 981512?
136
Calculate the greatest common divisor of 229057 and 6495.
433
Calculate the greatest common divisor of 702905 and 57.
19
What is the highest common factor of 12 and 466956?
12
What is the highest common divisor of 875 and 126945?
35
What is the greatest common factor of 193296 and 16?
16
Calculate the highest common divisor of 21216 and 32.
32
What is the greatest common factor of 8 and 21512?
8
What is the highest common factor of 6500 and 83356?
52
What is the highest common divisor of 1140 and 34884?
228
Calculate the greatest common factor of 180 and 42988.
4
Calculate the greatest common factor of 436730 and 1105.
85
What is the highest common factor of 58248 and 5663?
809
Calculate the highest common factor of 13201 and 31007.
307
Calculate the greatest common factor of 32166 and 603.
9
Calculate the greatest common divisor of 611786 and 3738.
1246
Calculate the highest common divisor of 88 and 14366.
22
What is the highest common factor of 149360 and 88?
8
What is the greatest common divisor of 846 and 878994?
846
What is the greatest common factor of 27 and 156015?
9
What is the highest common factor of 417312 and 21114?
1242
Calculate the highest common factor of 2172 and 18.
6
Calculate the highest common factor of 1230 and 902.
82
Calculate the highest common divisor of 545106 and 188.
94
Calculate the greatest common factor of 140 and 48545.
35
Calculate the greatest common divisor of 8594100 and 30.
30
Calculate the greatest common divisor of 1980 and 650320.
220
What is the highest common factor of 170517 and 1509?
1509
What is the highest common divisor of 8214 and 2109?
111
Calculate the greatest common factor of 1 and 1768801.
1
What is the greatest common divisor of 1233 and 9179?
137
Calculate the greatest common divisor of 37 and 101047.
37
What is the greatest common factor of 15 and 762195?
15
What is the highest common divisor of 52753 and 1633?
71
Calculate the greatest common divisor of 94577 and 649.
59
What is the highest common factor of 4727 and 20155?
29
Calculate the highest common factor of 37 and 87209.
37
What is the highest common factor of 437832 and 1728?
216
Calculate the greatest common factor of 218112 and 1562.
142
What is the greatest common divisor of 3210 and 17820?
30
Calculate the highest common factor of 2190 and 1017985.
365
What is the greatest common factor of 1228635 and 81?
27
Calculate the highest common factor of 2424 and 360.
24
Calculate the greatest common divisor of 3337 and 8836.
47
What is the highest common factor of 79056 and 30256?
976
Calculate the greatest common factor of 117762 and 4294.
38
What is the highest common divisor of 5680 and 5254?
142
What is the greatest common factor of 4380 and 21405?
15
Calculate the highest common divisor of 442 and 32487.
221
Calculate the highest common factor of 13 and 539968.
13
What is the highest common divisor of 109624 and 1704?
568
What is the highest common factor of 21246 and 66?
6
What is the greatest common factor of 363330 and 4455?
495
Calculate the highest common factor of 9212 and 65807.
49
What is the greatest common divisor of 3111 and 1394?
17
What is the greatest common factor of 4740 